{"id":291,"date":"2020-02-28T21:26:33","date_gmt":"2020-02-28T20:26:33","guid":{"rendered":"http:\/\/aucp1234.fr\/?page_id=291"},"modified":"2020-02-29T18:43:23","modified_gmt":"2020-02-29T17:43:23","slug":"quartier-arts-et-metiers-cooperation-avec-le-cnam-en-2019-suite","status":"publish","type":"page","link":"https:\/\/aucp1234.fr\/?page_id=291","title":{"rendered":"Quartier Arts-et-M\u00e9tiers, coop\u00e9ration avec le CNAM en 2019 (suite)"},"content":{"rendered":"\n<p>A l\u2019int\u00e9rieur du\np\u00e9rim\u00e8tre&nbsp;suivant : Boulevard S\u00e9bastopol \u00e0 l\u2019ouest, Boulevards. Saint-Martin\net du Temple, au nord, des rues R\u00e9aumur et Bretagne, au sud, et de la rue\nCharlot, \u00e0 l\u2019est pour englober la nouvelle mairie de Paris-centre, &nbsp;un groupe de douze \u00e9tudiants&nbsp;r\u00e9partis en trois\n\u00e9quipes de quatre ont planch\u00e9 chacune sur une partie du quartier.<\/p>\n\n\n\n<p>Leurs recherches ont port\u00e9\nsur&nbsp;les analyses urbaines du quartier, puis sur le choix d\u2019une th\u00e9matique de\nprobl\u00e8mes urbains \u00e0 r\u00e9soudre qui leur semblaient d\u2019actualit\u00e9 et prioritaires, et,\nin fine, sur l\u2019\u00e9laboration de propositions pour un d\u00e9veloppement de ces\nsecteurs ainsi que, pour certains, un am\u00e9nagement ponctuel&nbsp;adapt\u00e9.<\/p>\n\n\n\n<p>Si Maxime Schirrer a demand\u00e9 \u00e0\nchaque \u00e9quipe de mener les analyses urbaines et l\u2019orientation th\u00e9matique sur le\nsecteur qu\u2019elle avait choisi, il a exig\u00e9 d\u2019elles ensuite qu\u2019elles \u00e9changent\nleur territoire sectoriel de recherche pour l\u2019\u00e9laboration des propositions\nd\u2019am\u00e9nagement&nbsp;; ce qui a oblig\u00e9 chaque \u00e9tudiant \u00e0 s\u2019investir, au-del\u00e0 de\nson secteur g\u00e9ographique d\u2019approche, sur son environnement urbain plus large. Le\nr\u00e9sultat tr\u00e8s riche de leur recherche traduit une quantit\u00e9 et une qualit\u00e9 de\ntravail remarquable en si peu de temps&nbsp; (quatre\nmois pour des \u00e9l\u00e8ves disponibles que le soir et le week-end, perturb\u00e9s de\nsurcro\u00eet par de nombreuses gr\u00e8ves de transports pendant un mois).<\/p>\n\n\n\n<p>Leur regard d\u2019\u00e9tudiants inscrit dans les probl\u00e9matiques urbaines d\u2019aujourd\u2019hui est pr\u00e9cieux pour les r\u00e9flexions que nous menons au sein de l\u2019atelier sur l\u2019image que donne notre quartier Arts-et-M\u00e9tiers au sein de l\u2019arrondissement de Paris-Centre. Nous nous r\u00e9jouissons de cette coop\u00e9ration renouvel\u00e9e entre l\u2019AUCP et le CNAM. Vous trouverez ci-apr\u00e8s les trois rapports d\u2019\u00e9tude de ces \u00e9tudiants. <\/p>\n\n\n\n<p><a href=\"http:\/\/aucp1234.fr\/wp-content\/uploads\/2020\/02\/Cnam_2020_1Equipe-Arts-et-Metiers-Lieu-de-vie.pdf\">Lire le rapport 1 : ESPACES PUBLICS, D\u00c9PLACEMENTS ET R\u00c9CHAUFFEMENT CLIMATIQUE<\/a><\/p>\n\n\n\n<p><a href=\"http:\/\/aucp1234.fr\/wp-content\/uploads\/2020\/02\/Cnam_2020_1Equipe-GENTRIFICATION.pdf\">Lire le rapport 2 : GENTRIFICATION<\/a><\/p>\n\n\n\n<p><a href=\"http:\/\/aucp1234.fr\/wp-content\/uploads\/2020\/02\/Cnam_2020_1Equipe-PASSAGE-2.0.pdf\">Lire le rapport 3 : PASSAGE<\/a><\/p>\n","protected":false},"excerpt":{"rendered":"<p>A l\u2019int\u00e9rieur du p\u00e9rim\u00e8tre&nbsp;suivant : Boulevard S\u00e9bastopol \u00e0 l\u2019ouest, Boulevards. Saint-Martin et du Temple, au nord, des rues R\u00e9aumur et Bretagne, au sud, et de la rue Charlot, \u00e0 l\u2019est pour englober la nouvelle mairie de Paris-centre, &nbsp;un groupe de douze \u00e9tudiants&nbsp;r\u00e9partis en trois \u00e9quipes de quatre ont planch\u00e9 chacune sur une partie du quartier. &hellip; <\/p>\n<p class=\"link-more\"><a href=\"https:\/\/aucp1234.fr\/?page_id=291\" class=\"more-link\">Continue reading<span class=\"screen-reader-text\"> &#8220;Quartier Arts-et-M\u00e9tiers, coop\u00e9ration avec le CNAM en 2019 (suite)&#8221;<\/span><\/a><\/p>\n","protected":false},"author":1,"featured_media":0,"parent":0,"menu_order":0,"comment_status":"closed","ping_status":"closed","template":"","meta":[],"_links":{"self":[{"href":"https:\/\/aucp1234.fr\/index.php?rest_route=\/wp\/v2\/pages\/291"}],"collection":[{"href":"https:\/\/aucp1234.fr\/index.php?rest_route=\/wp\/v2\/pages"}],"about":[{"href":"https:\/\/aucp1234.fr\/index.php?rest_route=\/wp\/v2\/types\/page"}],"author":[{"embeddable":true,"href":"https:\/\/aucp1234.fr\/index.php?rest_route=\/wp\/v2\/users\/1"}],"replies":[{"embeddable":true,"href":"https:\/\/aucp1234.fr\/index.php?rest_route=%2Fwp%2Fv2%2Fcomments&post=291"}],"version-history":[{"count":10,"href":"https:\/\/aucp1234.fr\/index.php?rest_route=\/wp\/v2\/pages\/291\/revisions"}],"predecessor-version":[{"id":314,"href":"https:\/\/aucp1234.fr\/index.php?rest_route=\/wp\/v2\/pages\/291\/revisions\/314"}],"wp:attachment":[{"href":"https:\/\/aucp1234.fr\/index.php?rest_route=%2Fwp%2Fv2%2Fmedia&parent=291"}],"curies":[{"name":"wp","href":"https:\/\/api.w.org\/{rel}","templated":true}]}}