{"id":66,"date":"2018-09-13T10:17:21","date_gmt":"2018-09-13T08:17:21","guid":{"rendered":"http:\/\/aucp1234.fr\/?page_id=66"},"modified":"2018-09-13T10:17:21","modified_gmt":"2018-09-13T08:17:21","slug":"premiere-note-de-reflexion","status":"publish","type":"page","link":"https:\/\/aucp1234.fr\/?page_id=66","title":{"rendered":"Premi\u00e8re note de r\u00e9flexion &#8230;"},"content":{"rendered":"<p><strong>Projet pour un atelier d&#8217;urbanisme des quatre arrondissements <\/strong><\/p>\n<p><strong>du centre de Paris<\/strong><em> \u00a0\u00a0\u00a0\u00a0\u00a0\u00a0\u00a0\u00a0\u00a0\u00a0\u00a0\u00a0\u00a0\u00a0\u00a0\u00a0\u00a0\u00a0\u00a0\u00a0\u00a0\u00a0\u00a0\u00a0\u00a0\u00a0\u00a0\u00a0\u00a0\u00a0\u00a0\u00a0\u00a0\u00a0\u00a0\u00a0\u00a0\u00a0\u00a0\u00a0\u00a0\u00a0\u00a0\u00a0\u00a0\u00a0\u00a0\u00a0 Version avril \u00a02017<\/em><\/p>\n<p>L&#8217;id\u00e9e de cr\u00e9er un groupe de r\u00e9flexion sur l&#8217;urbanisme et le cadre de vie pour les quatre arrondissements (1<sup>er<\/sup>, 2<sup>\u00e8me<\/sup>, 3<sup>\u00e8me<\/sup>, 4<sup>\u00e8me<\/sup> arrondissements) de Paris a fait l&#8217;objet de plusieurs r\u00e9unions depuis le mois de d\u00e9cembre 2016.<\/p>\n<p><strong>Les principes<\/strong><\/p>\n<p>D\u00e9mocratiser les pratiques de l&#8217;urbanisme en associant les habitants. Il s&#8217;agit de cr\u00e9er une association de la loi de 1901 regroupant des habitants des quartiers concern\u00e9s dont certains, mais pas tous, peuvent \u00eatre des professionnels de l&#8217;urbanisme (architectes, urbanistes, techniciens des m\u00e9tiers de la ville, etc.) ainsi que toutes personnes s\u2019\u00e9tant investies dans ces arrondissements.<\/p>\n<p>N\u00e9 du projet de la Ville de Paris d&#8217;un rapprochement politique et administratif de ces quatre arrondissements, cette structure doit contribuer \u00e0 lui donner sa dimension d\u00e9mocratique et soci\u00e9tale dans un territoire partag\u00e9.<\/p>\n<p><strong>Les objectifs<\/strong><\/p>\n<p>Les objectifs de cet Atelier d\u2019Urbanisme du Centre de Paris (AUCP 1234) sont\u00a0:<\/p>\n<p>&#8211; cr\u00e9er une instance citoyenne pour r\u00e9fl\u00e9chir \u00e0 l&#8217;avenir de ce \u00ab\u00a0morceau de ville\u00a0\u00bb dans l&#8217;esprit du d\u00e9veloppement durable et de la ville \u00ab\u00a0<em>sans carbone\u00a0\u00bb <\/em>de demain,<\/p>\n<p>&#8211; participer \u00e0 l&#8217;\u00e9laboration de projets o\u00f9 les habitants auraient toute leur place, en dialogue avec les \u00e9lus et les services de la Ville.<\/p>\n<p><strong>Les m\u00e9thodes<\/strong><\/p>\n<p>Cet atelier a vocation \u00e0 devenir un espace de d\u00e9bat, de m\u00e9diation et de propositions, sans pour autant assurer un r\u00f4le de ma\u00eetrise d\u2019\u0153uvre. Pour mener \u00e0 bien les diff\u00e9rents objectifs retenus, il conviendra\u00a0:<\/p>\n<p><strong>&#8211; <\/strong>De tenir des r\u00e9unions r\u00e9guli\u00e8res de l&#8217;association pour rassembler les id\u00e9es, les questions et les propositions.<\/p>\n<p>&#8211;\u00a0 De participer aux Conseils de quartiers pour recueillir leurs propositions.<\/p>\n<p>&#8211;\u00a0 D\u2019assurer un travail technique en interne pour acqu\u00e9rir la connaissance et permettre sa transmission.<\/p>\n<p>&#8211;\u00a0 D\u2019instaurer un dialogue avec les \u00e9lus concern\u00e9s par ces th\u00e8mes.<\/p>\n<p>&#8211; De formaliser des propositions et des \u00e9changes avec les diff\u00e9rents acteurs (\u00e9lus et habitants),<\/p>\n<p>&#8211;\u00a0 D\u2019animer des groupes de travail. Le nouvel atelier d&#8217;urbanisme fera appel aux habitants \u00a0dans le cadre de groupes de travail ouverts \u00e0 tous. Ils seront men\u00e9s, aussi \u00e9troitement que possible avec les Conseils de Quartiers qui participent activement \u00e0 l\u2019am\u00e9lioration du cadre de vie des arrondissements concern\u00e9s.<\/p>\n<p>&#8211; De r\u00e9diger des notes \u00e0 l\u2019attention des \u00e9lus suite \u00e0 leur demande ou pour r\u00e9pondre \u00e0 des propositions des\u00a0 habitants.<\/p>\n<p>&#8211; D\u2019analyser les \u00e9tudes et projets sur l\u2019ensemble du territoire (du projet d\u2019ensemble aux projets localis\u00e9s) afin d\u2019aider \u00e0 la prise de d\u00e9cision, en informant et coordonnant la soci\u00e9t\u00e9 civile et en posant des alertes pour instaurer un dialogue.<\/p>\n<p>Parall\u00e8lement \u00e0 la d\u00e9marche d\u00e9crite ci-dessus, l\u2019association pourra animer des r\u00e9unions th\u00e9matiques, espaces de d\u00e9bats et d&#8217;information, organis\u00e9es sur des th\u00e8mes importants et int\u00e9ressants pour les quartiers \u00a0du centre de Paris.<\/p>\n<p><strong>Les th\u00e8mes d&#8217;action <\/strong><\/p>\n<p>Les th\u00e8mes d&#8217;action possibles sont nombreux. On peut citer par exemple les trois suivants qui seront d\u00e9velopp\u00e9s dans des notes th\u00e9matiques jointes\u00a0:<\/p>\n<p><strong>\u00a0\u00a0\u00a0\u00a0 1\u00a0 \u2013 La connaissance, l&#8217;histoire, la formation, la culture\u00a0:<\/strong><\/p>\n<ul>\n<li>Mieux faire conna\u00eetre aux habitants ainsi qu&#8217;aux visiteurs et touristes, l&#8217;originalit\u00e9 et l&#8217;histoire de nos quartiers, etc.<\/li>\n<li>L&#8217;\u00e9cole et la formation.<\/li>\n<li>Les loisirs et la vie culturelle.<\/li>\n<\/ul>\n<p><strong>\u00a0\u00a0\u00a0\u00a0 \u00a02 \u2013 Les parcours\u00a0et d\u00e9placements :<\/strong><\/p>\n<ul>\n<li>Assurer la r\u00e9organisation et le partage de l&#8217;espace public en vue de favoriser la vie locale et de susciter une appartenance \u00e0 un m\u00eame territoire.<\/li>\n<li>Proposer des parcours pour favoriser les acc\u00e8s aux services, aux commerces et aux lieux touristiques, r\u00e9pondant aux besoins des habitants (sant\u00e9, petite enfance, services sociaux et administratifs, commerces de proximit\u00e9, etc.) et des visiteurs.<\/li>\n<li>Proposer des modes d\u00e9placements doux (pi\u00e9tons, v\u00e9lo), d\u00e9velopper les transports publics \u00e9conomes en \u00e9nergie, favoriser la diminution de la place de la voiture et adapter l\u2019espace public aux handicaps&#8230;.<\/li>\n<\/ul>\n<p><strong>\u00a0\u00a0\u00a0\u00a0\u00a0\u00a0\u00a0\u00a0\u00a0 \u00a03 \u2013 L\u2019habitat et le cadre de vie\u00a0:<\/strong><\/p>\n<ul>\n<li>Accompagner les d\u00e9marches favorisant les mixit\u00e9s (sociales, fonctionnelles, \u00e9conomiques\u2026).<\/li>\n<li>Contribuer au d\u00e9veloppement des logements sociaux.<\/li>\n<li>Accompagner les projets de r\u00e9habilitation des logements en prenant en compte \u00e0 la fois les probl\u00e8mes sociaux, d\u2019\u00e9conomies d\u2019\u00e9nergie et d\u2019accessibilit\u00e9.<\/li>\n<li>Contribuer \u00e0 l\u2019am\u00e9lioration du paysage urbain, par la requalification de d\u00e9laiss\u00e9s, de b\u00e2timents hors gabarit\u2026<\/li>\n<li>Sensibiliser les diff\u00e9rents acteurs \u00e0 la requalification d\u2019espaces publics \u00e0 caract\u00e8re urbain (min\u00e9ral, v\u00e9g\u00e9tal, mobilier urbain\u2026).<\/li>\n<\/ul>\n<p>*************************************<\/p>\n<p><strong>NOTE 1<\/strong><\/p>\n<p><strong>DIAGNOSTIC, CONNAISSANCE, HISTOIRE, FORMATION ET CULTURE<\/strong><\/p>\n<p><strong>\u00a0<\/strong><\/p>\n<p>Les projets d&#8217;am\u00e9nagement et plus g\u00e9n\u00e9ralement toutes les r\u00e9flexions et d\u00e9marches d&#8217;urbanisme ne peuvent s&#8217;envisager sans faire appel \u00e0 l&#8217;histoire de la ville, des quartiers \u00e9tudi\u00e9s.<\/p>\n<p>Il ne s&#8217;agit pas seulement de prendre en compte le patrimoine b\u00e2ti ; il faut \u00e9galement consid\u00e9rer les autres apports de l&#8217;histoire sociale, \u00e9conomique, culturelle dans toutes ses dimensions.<\/p>\n<p>Cette histoire est grav\u00e9e dans nos quartiers du centre de Paris et constitue un pr\u00e9alable incontournable \u00e0 tout mode d\u2019intervention sur cet ensemble urbain remarquable.<\/p>\n<p>&nbsp;<\/p>\n<ul>\n<li><strong>Histoire du patrimoine b\u00e2ti et paysager. <\/strong><\/li>\n<\/ul>\n<p><strong>&#8211;\u00a0 pas seulement celle des b\u00e2timents et h\u00f4tels particuliers<\/strong> (tr\u00e8s nombreux dans nos quatre arrondissements) d&#8217;une architecture de type aristocratique ant\u00e9rieure \u00e0 1789<\/p>\n<p>&nbsp;<\/p>\n<p>&#8211;\u00a0 <strong>mais aussi celle, t\u00e9moin d&#8217;un architecture plus populaire<\/strong>, qui a\u00a0 marqu\u00e9 la vie sociale, \u00e9conomique, artisanale et culturelle d&#8217;avant la R\u00e9volution mais surtout des XIX<sup>\u00e8me <\/sup>\u00a0et\u00a0 XX<sup>\u00e8me\u00a0 <\/sup>si\u00e8cles.<\/p>\n<p>&nbsp;<\/p>\n<p>&#8211; <strong>identification et \u00e9volution des espaces publics.<\/strong><\/p>\n<p>&nbsp;<\/p>\n<ul>\n<li><strong>Histoire politique, sociale et \u00e9conomique <\/strong>de nos quartiers dont les souvenirs et les traces sont nombreux.<\/li>\n<\/ul>\n<p>&nbsp;<\/p>\n<p>Toutes ces empreintes marqu\u00e9es dans le tissu urbain mais qui ont plus g\u00e9n\u00e9ralement leur place dans l&#8217;histoire, la tradition et les souvenirs des habitants, doivent \u00eatre pr\u00e9sentes dans les travaux du futur AUCP et peuvent faire l&#8217;objet d&#8217;actions d&#8217;information, de sensibilisation et de formation, et intervention, en particulier, dans les \u00e9tablissements scolaires.<\/p>\n<p>Au-del\u00e0 des approches portant sur l\u2019ensemble du tissus urbain, il sera r\u00e9alis\u00e9, pour chaque projet que nous proposerons, un diagnostic portant sur l\u2019\u00e9volution des lieux\u00a0 et la m\u00e9moire impr\u00e9gnant l\u2019\u00e2me des quartiers.\u00a0 Ce pr\u00e9alable a aussi pour but de r\u00e9v\u00e9ler les atouts et dysfonctionnements sp\u00e9cifiques ou transversaux, l\u2019ensemble constituant le socle sur lequel reposera le projet futur.<\/p>\n<p>&nbsp;<\/p>\n<p>*********************************<\/p>\n<p><strong>\u00a0<\/strong><\/p>\n<p><strong>NOTE 2<\/strong><\/p>\n<p><strong>LES PARCOURS ET DEPLACEMENTS<\/strong><\/p>\n<p><strong>\u00a0<\/strong><\/p>\n<ul>\n<li><strong><u>Le territoire concern\u00e9.<\/u><\/strong><\/li>\n<\/ul>\n<p><strong><u>\u00a0<\/u><\/strong><\/p>\n<p>Les quatre arrondissements sont irrigu\u00e9s et liaisonn\u00e9s par un r\u00e9seau d\u2019infrastructures dont certaines sont anciennes et structurent l\u2019histoire et l\u2019\u00e9volution urbaine de ce territoire central patrimonial\u00a0:<\/p>\n<p>&nbsp;<\/p>\n<ul>\n<li>la Seine et ses berges basses reconquises pour le pi\u00e9ton et les v\u00e9los,<\/li>\n<li>les quais hauts de l\u2019Arsenal \u00e0 la Concorde,<\/li>\n<li>les grands axes est\/ouest depuis l\u2019\u00e9poque m\u00e9di\u00e9vale jusqu\u2019\u00e0 Rambuteau et Haussmann,<\/li>\n<li>les grands boulevards \u00e0 l\u2019emplacement de la fortification,<\/li>\n<li>la maille historique des axes nord\/sud reliant les ponts aux portes de Paris.<\/li>\n<\/ul>\n<p><strong><u>\u00a0<\/u><\/strong><\/p>\n<p><strong><u>\u00a0<\/u><\/strong><\/p>\n<ul>\n<li><strong><u>Les objectifs.<\/u><\/strong><\/li>\n<\/ul>\n<p><strong><u>\u00a0<\/u><\/strong><\/p>\n<p>Ces lieux doivent \u00eatre clairement identifi\u00e9s, hi\u00e9rarchis\u00e9s (histoire, int\u00e9r\u00eat propre, qualit\u00e9, perspectives, lieux de commerce et d\u2019animation, etc.) pour permettre de cr\u00e9er des parcours th\u00e9matiques r\u00e9pondant aux besoins des habitants, des travailleurs, des visiteurs, et d\u2019am\u00e9liorer les conditions d\u2019acc\u00e8s pour tous les usagers et en particulier les Personnes \u00e0 Mobilit\u00e9 R\u00e9duite et handicap\u00e9s (malvoyants, non-voyants).<\/p>\n<p>&nbsp;<\/p>\n<p>&nbsp;<\/p>\n<ul>\n<li><strong><u>La mise en \u0153uvre.<\/u><\/strong><\/li>\n<\/ul>\n<p>&nbsp;<\/p>\n<ul>\n<li>D\u00e9velopper la connaissance\u00a0:<\/li>\n<\/ul>\n<p>&#8211; cartographie,<\/p>\n<p>&#8211; histoire des lieux,<\/p>\n<p>&#8211; \u00e9volution urbaine.<\/p>\n<p>&nbsp;<\/p>\n<ul>\n<li>Identification des espaces qualitatifs (atouts et dysfonctionnements)\u00a0:<\/li>\n<\/ul>\n<p>&#8211; les espaces embl\u00e9matiques et remarquables,<\/p>\n<p>&#8211; les grandes perspectives,<\/p>\n<p>&#8211; les places et placettes,<\/p>\n<p>&#8211; les jardins,<\/p>\n<p>&#8211; les lieux de convivialit\u00e9 et de repos,<\/p>\n<p>&#8211; les lieux de la vie quotidienne (typologie des rues commer\u00e7antes, les march\u00e9s et les occupations temporaires, les brocantes, le vide-grenier, le man\u00e8ge\u2026),<\/p>\n<p>&#8211; l\u2019encombrement de l\u2019espace public (terrasses, r\u00e9seaux, mobilier urbain\u2026),<\/p>\n<p>&#8211; la ma\u00eetrise des niveaux de sols et des mat\u00e9riaux adapt\u00e9s aux besoins des PMR et des personnes handicap\u00e9es.<\/p>\n<ul>\n<li>Les propositions, projet de parcours th\u00e9matiques pour diff\u00e9rentes populations\u00a0:<\/li>\n<\/ul>\n<p>&#8211; parcours touristiques,<\/p>\n<p>&#8211; parcours des mus\u00e9es et des galeries,<\/p>\n<p>&#8211; parcours des divertissements d\u2019hier et d\u2019aujourd\u2019hui \u00ab\u00a0fl\u00e2neries sur les grands boulevards\u00a0\u00bb, les quais (les peintres, les po\u00e8tes, les p\u00eacheurs),<\/p>\n<p>&#8211; parcours commerciaux,<\/p>\n<p>&#8211; parcours scolaires plus s\u00e9curitaires,<\/p>\n<p>&#8211; etc.<\/p>\n<p>&nbsp;<\/p>\n<p>Deux axes de travail pourraient \u00eatre propos\u00e9s dans un premier temps sur le th\u00e8me des parcours :<\/p>\n<p>1) Le suivi de la mise en \u0153uvre du parcours pi\u00e9ton <em>Louvre-place-des-Vosges-Bastille <\/em>propos\u00e9 par l&#8217;ALU3 et retenu dans le cadre du Budget participatif de la Ville de Paris. Ce projet est en cours d&#8217;approfondissement par l&#8217;\u00c9cole d&#8217;architecture Paris Malaquais.<\/p>\n<p>&nbsp;<\/p>\n<p>2) La reprise d&#8217;une r\u00e9flexion pour un bus \u00e9cologique de desserte locale interne aux arrondissements 1, 2, 3, 4, sur la base d&#8217;un travail ant\u00e9rieur de l&#8217;ALU3 et de l&#8217;association <em>Le Quatri\u00e8me en action<\/em>. Un tel service para\u00eet aujourd&#8217;hui d&#8217;actualit\u00e9 dans le cadre du projet de rapprochement administratif et politique de ces arrondissements.<\/p>\n<p>&nbsp;<\/p>\n<p>&nbsp;<\/p>\n<p>&nbsp;<\/p>\n<p>***************************<\/p>\n<p>&nbsp;<\/p>\n<p>&nbsp;<\/p>\n<p>&nbsp;<\/p>\n<p>&nbsp;<\/p>\n<p><strong>NOTE 3<\/strong><\/p>\n<p><strong>HABITAT, MIXIT\u00c9S SOCIALE ET D\u2019USAGE ET EVOLUTION DES MODES DE VIE<\/strong><\/p>\n<p><strong>\u00a0<\/strong><\/p>\n<p>Nos arrondissements, autrefois aristocratiques dont l&#8217;habitat est ancien, ont pris peu \u00e0 peu un caract\u00e8re populaire d\u00fb, entre autre, \u00e0 l\u2019implantation d\u2019activit\u00e9s artisanales, commerciales et industrielles qui s&#8217;est accentu\u00e9 tout au long du XIX<sup>\u00e8me <\/sup>et au d\u00e9but du XX<sup>\u00e8me <\/sup>si\u00e8cle. Ils ont, par ailleurs, eu longtemps un r\u00f4le d&#8217;accueil pour des populations d&#8217;origine immigr\u00e9e.<\/p>\n<p>En raison de leur histoire, ils ont par ailleurs conserv\u00e9 une structure urbaine tr\u00e8s min\u00e9rale ne comportant que peu d&#8217;espaces verts.<\/p>\n<p>Au cours des derni\u00e8res d\u00e9cennies, on a assist\u00e9 \u00e0 une &#8220;reconqu\u00eate&#8221; de ces quartiers anciens qui, en partie r\u00e9habilit\u00e9s, ont vu s&#8217;installer une population plus ais\u00e9e. Ce mouvement d\u00e9mographique, accompagn\u00e9 d&#8217;une forte sp\u00e9culation immobili\u00e8re, a eu pour cons\u00e9quence l&#8217;\u00e9viction de familles et personnes \u00e0 revenus modestes qui n&#8217;ont pu se maintenir en raison des niveaux de prix du logement.<\/p>\n<p>Il s&#8217;en est suivi un d\u00e9s\u00e9quilibre de la mixit\u00e9 sociale qui se poursuit et s&#8217;accentue aujourd&#8217;hui.\u00a0 Or cette mixit\u00e9 caract\u00e9risait fortement\u00a0 le vieux centre de Paris il y a encore quelques ann\u00e9es.<\/p>\n<p>Face \u00e0 cette situation de d\u00e9s\u00e9quilibre dans un parc immobilier ancien ne disposant pas de r\u00e9serves fonci\u00e8res et caract\u00e9ris\u00e9 par sa v\u00e9tust\u00e9, il convient de repenser une politique de l&#8217;habitat et de l&#8217;espace public. Par exemple :<\/p>\n<ul>\n<li><strong>En mettant fortement l&#8217;accent sur l&#8217;habitat social. <\/strong>Des programmes importants ont \u00e9t\u00e9 conduits dans ce sens au cours des ann\u00e9es r\u00e9centes mais il convient d&#8217;accentuer ce mouvement pour sauvegarder la mixit\u00e9 sociale en grand danger et contrer les tendances sp\u00e9culatives actuelles ; ceci par diff\u00e9rents moyens :<\/li>\n<\/ul>\n<p><strong>\u00a0\u00a0 <\/strong>&#8211;\u00a0 La pr\u00e9emption, par la Ville, d&#8217;immeubles et de logements pour les transformer en logements sociaux ;<\/p>\n<p>&#8211;\u00a0\u00a0 La recherche d&#8217;opportunit\u00e9s pour cr\u00e9er \u00e9galement des logements sociaux (par\u00a0 exemple des ensembles fonciers\/immobiliers appartenant au secteur public ou au secteur institutionnel, les d\u00e9laiss\u00e9s et dents creuses, les sur\u00e9l\u00e9vations d\u2019immeuble, pouvant de ce fait accueillir de nouveaux logements) ;<\/p>\n<p>&#8211;\u00a0\u00a0\u00a0 Le d\u00e9veloppement de l&#8217;accueil dans le secteur priv\u00e9 de familles \u00e0 revenus modestes dans le cadre de programmes d&#8217;interm\u00e9diation locative de type &#8220;Solibail&#8221; ou &#8220;Louez solidaire&#8221; ;<\/p>\n<p>&#8211;\u00a0\u00a0\u00a0 Les sur\u00e9l\u00e9vations d&#8217;immeubles pouvant, de ce fait, accueillir de nouveaux logements.<\/p>\n<p>&nbsp;<\/p>\n<ul>\n<li><strong>En poursuivant et en d\u00e9veloppant<\/strong> <strong>la r\u00e9habilitation thermique du parc immobilier dans l&#8217;esprit de la COP 21<\/strong>. Lancer par exemple un vaste programme de r\u00e9habilitation de type &#8220;OPAH d\u00e9veloppement durable&#8221; dans le centre de Paris qui pourrait \u00eatre un grand d\u00e9fi pour &#8216;ce morceau de ville ancienne&#8217;.<\/li>\n<\/ul>\n<p>Ce programme aurait un triple objectif : \u00e9conomies d&#8217;\u00e9nergies, d\u00e9veloppement social et accessibilit\u00e9.<\/p>\n<ul>\n<li><strong>En accompagnant et en cherchant \u00e0 guider les mutations \u00e9conomiques <\/strong>que conna\u00eet le centre Paris ; en facilitant la cr\u00e9ation d&#8217;emplois qui r\u00e9pondent au mieux aux caract\u00e9ristiques locales (des bureaux mais pas n&#8217;importe lesquels), en favorisant l&#8217;innovation (les start-up&#8230;), l&#8217;artisanat, en d\u00e9veloppant les services de proximit\u00e9 (sant\u00e9, aide \u00e0 la personne&#8230;).<\/li>\n<\/ul>\n<p>&nbsp;<\/p>\n<ul>\n<li><strong>En suscitant des am\u00e9nagements de l&#8217;espace public <\/strong>favorable \u00e0 la vie locale, \u00e0 la promenade, au paysage, aux loisirs, aux familles, aux enfants, aux personnes \u00e0 mobilit\u00e9 r\u00e9duite ou handicap\u00e9es.<\/li>\n<\/ul>\n<p>&nbsp;<\/p>\n<p>******************************<\/p>\n<p>&nbsp;<\/p>\n","protected":false},"excerpt":{"rendered":"<p>Projet pour un atelier d&#8217;urbanisme des quatre arrondissements du centre de Paris \u00a0\u00a0\u00a0\u00a0\u00a0\u00a0\u00a0\u00a0\u00a0\u00a0\u00a0\u00a0\u00a0\u00a0\u00a0\u00a0\u00a0\u00a0\u00a0\u00a0\u00a0\u00a0\u00a0\u00a0\u00a0\u00a0\u00a0\u00a0\u00a0\u00a0\u00a0\u00a0\u00a0\u00a0\u00a0\u00a0\u00a0\u00a0\u00a0\u00a0\u00a0\u00a0\u00a0\u00a0\u00a0\u00a0\u00a0\u00a0 Version avril \u00a02017 L&#8217;id\u00e9e de cr\u00e9er un groupe de r\u00e9flexion sur l&#8217;urbanisme et le cadre de vie pour les quatre arrondissements (1er, 2\u00e8me, 3\u00e8me, 4\u00e8me arrondissements) de Paris a fait l&#8217;objet de plusieurs r\u00e9unions depuis le mois de d\u00e9cembre 2016. Les principes &hellip; <\/p>\n<p class=\"link-more\"><a href=\"https:\/\/aucp1234.fr\/?page_id=66\" class=\"more-link\">Continue reading<span class=\"screen-reader-text\"> &#8220;Premi\u00e8re note de r\u00e9flexion &#8230;&#8221;<\/span><\/a><\/p>\n","protected":false},"author":1,"featured_media":0,"parent":0,"menu_order":0,"comment_status":"closed","ping_status":"closed","template":"","meta":[],"_links":{"self":[{"href":"https:\/\/aucp1234.fr\/index.php?rest_route=\/wp\/v2\/pages\/66"}],"collection":[{"href":"https:\/\/aucp1234.fr\/index.php?rest_route=\/wp\/v2\/pages"}],"about":[{"href":"https:\/\/aucp1234.fr\/index.php?rest_route=\/wp\/v2\/types\/page"}],"author":[{"embeddable":true,"href":"https:\/\/aucp1234.fr\/index.php?rest_route=\/wp\/v2\/users\/1"}],"replies":[{"embeddable":true,"href":"https:\/\/aucp1234.fr\/index.php?rest_route=%2Fwp%2Fv2%2Fcomments&post=66"}],"version-history":[{"count":1,"href":"https:\/\/aucp1234.fr\/index.php?rest_route=\/wp\/v2\/pages\/66\/revisions"}],"predecessor-version":[{"id":67,"href":"https:\/\/aucp1234.fr\/index.php?rest_route=\/wp\/v2\/pages\/66\/revisions\/67"}],"wp:attachment":[{"href":"https:\/\/aucp1234.fr\/index.php?rest_route=%2Fwp%2Fv2%2Fmedia&parent=66"}],"curies":[{"name":"wp","href":"https:\/\/api.w.org\/{rel}","templated":true}]}}